he hundreds digit of z?
8
Let r(x) = x**3 + 9*x**2 - 24*x - 1. Suppose 3*z = 2*a + 29, z = a + 6 + 7. What is the hundreds digit of r(a)?
1
Suppose -3*k + 2*c = -10964, k - 2*c + 697 - 4349 = 0. What is the units digit of k?
6
Let k = -35 - -169. Let s be 1/3 - (4 + k/6). Let o = s - -70. What is the tens digit of o?
4
Suppose 210*w - 197*w = 15694 + 8616. What is the hundreds digit of w?
8
Suppose -y + 6 = 4. Suppose 3*r = -4*c - 76, y*r + 4*c = -0*c - 44. What is the units digit of (1 + 0)*(-1 - (r - 0))?
1
Let y be ((-90)/(-3))/(15/10). Suppose o + y = 209. What is the tens digit of o?
8
What is the tens digit of ((-6)/6)/(2 + (-7198)/3598)?
9
Suppose 0 = 2*y - 3 - 9, 2*c + 3*y - 24050 = 0. What is the ten thousands digit of c?
1
Suppose 1400*j = 1428*j - 83552. What is the hundreds digit of j?
9
Let i(g) = -9*g**3 + 5 - 3*g - 2 + 25323*g**2 - 25321*g**2. What is the tens digit of i(-4)?
2
Let w = 1461 + -979. Suppose -w = -13*i - 144. What is the units digit of i?
6
Let u be 2/(-4) + (-8 - (-9387)/18). What is the units digit of -1 + 5 + -7 + u?
0
Let n(i) = i**3 - i**2 + 8*i - 16. Let d be n(0). Let p(r) = -7*r + 44. What is the tens digit of p(d)?
5
What is the hundreds digit of 18/(-351) - 7702520/(-390)?
7
Suppose 2*b + 2*k + 4620 = 0, -51*b - 5*k = -48*b + 6938. Let o = b + 3656. What is the tens digit of o?
5
Suppose 8*m + 28*m = 324. Suppose m*t - 10*t = 3*u - 170, u - 4*t = 74. What is the units digit of u?
8
Suppose 12 + 2 = 2*f. Suppose f*l - 2259 + 460 = 0. Suppose -w + l = 4*b - 4*w, -301 = -5*b - 3*w. What is the units digit of b?
2
Let x = -460 - -1260. Suppose -43*i = -33*i - x. What is the units digit of i?
0
Let f be 12/78 + (-12)/78. Suppose f = -16*p + 24301 - 7181. What is the units digit of p?
0
Let a be (-465)/(-95) - 2/(-19). Let q(i) = 2*i**2 + i**2 - a*i**2 + i**3 - 4 - 10*i**2 + 6*i. What is the tens digit of q(12)?
6
Let v(t) = -3*t + 17. Let d be v(8). Let o = d - -4. What is the units digit of -1 - o - (-77 + (-1 - -3))?
7
Let v(l) = -3*l + 63. Let t be v(23). Let b(r) = -4*r**3 - 12*r**2 - 38*r - 10. What is the hundreds digit of b(t)?
6
Suppose -13 - 15 = 5*z + 2*b, 5*z + 5*b + 25 = 0. What is the units digit of 392/(-2)*z/16*16?
6
Let b = -3 + 5. Suppose 26 = 3*d + 4*t, -2*d = -b*t - 1 + 7. What is the units digit of 2 + (-835)/(-15) + d/(-3)?
7
Suppose -2*f - 8*f = -40. Suppose -1544 = y - 5*y - 4*p, -f*p + 776 = 2*y. Suppose -y = 11*d - 15*d. What is the units digit of d?
6
Let v(u) = -12837*u - 413. What is the ten thousands digit of v(-1)?
1
Let p(t) = -29*t + 14. Suppose -2*h = 3*h - 4*d - 14, -5*d - 11 = -3*h. Let x(u) = -145*u + 69. Let f(q) = h*x(q) - 11*p(q). What is the tens digit of f(2)?
4
Suppose -369*x + 373*x + f - 239092 = 0, -5*x + 5*f + 298815 = 0. What is the hundreds digit of x?
7
Suppose 3*l - 5*r = -119, -5*l - 23 = -2*r + 207. Let x = l + 50. Suppose -3*n + 5*s - x*s = -144, -3*n - s = -140. What is the tens digit of n?
4
Suppose 17*s - 22*s + 2270 = 0. Suppose 0 = 10*z - 184 + s. Let o = 86 - z. What is the tens digit of o?
1
Let y(w) = -41*w + 120. Let j(q) = -84*q + 241. Let c(z) = 6*j(z) - 13*y(z). What is the tens digit of c(10)?
7
Let r be (-3)/((-18)/(-5696)) + (-142)/213. Let w = r - -1641. What is the units digit of w?
1
Suppose 2092960 = 73*a - 33*a. What is the thousands digit of a?
2
Let m = 12925 - 8553. What is the hundreds digit of m?
3
Suppose 282*c = 293*c + 506. Let o = c + 292. What is the units digit of o?
6
Suppose 1169*q + 4*u = 1170*q - 16466, 4*q - 65815 = 9*u. What is the tens digit of q?
3
Suppose s - 14 = -3*i + 2, 0 = -4*s + 4*i. Suppose 0 = s*o + 21 + 11. Let x(k) = -6*k - 29. What is the units digit of x(o)?
9
Suppose -x + 4*y + 21 = 4*x, -5*x = 2*y - 27. Suppose -x = l - 0. What is the units digit of 2303/35 + (-1)/l?
6
Suppose 0 = 4*j - 2*j - 6. Suppose -j*u = -2*w + u + 16, 0 = 2*w + 2*u + 2. Suppose 2*i - 412 = -w*i. What is the tens digit of i?
0
Let h(f) = -2*f - 4. Let w(r) = -1. Let p(l) = -3*h(l) - 12*w(l). Let b be p(-5). What is the units digit of 2/6 - b*(-1010)/(-45)?
5
Let v(r) = -8*r + 1744. What is the tens digit of v(-31)?
9
Suppose 404 = 18*n + 44. Suppose -5*p = y - 6*y + 280, p - 304 = -5*y. Suppose 0 = -3*z - 4*t + y, -3*t = -z + t + n. What is the units digit of z?
0
Let y = 98 + -100. Suppose -2*g + f - 90 - 3 = 0, -113 = 2*g - 5*f. What is the tens digit of y/(g/2306) + 4/22?
0
Suppose 31*f - 3 = 245. Suppose f*i = 978 + 1630. What is the tens digit of i?
2
Let t = -339 - -5330. What is the tens digit of t?
9
Let q(i) = -1373*i + 111. What is the units digit of q(-2)?
7
Let h(p) = 195*p + 4045. What is the tens digit of h(40)?
4
Suppose 11223 = 5*n - 55342. What is the thousands digit of n?
3
Let b(k) = -9*k**3 + k**2 + 3*k + 37. What is the ten thousands digit of b(-11)?
1
Let l(g) = -22*g**3 - g**2 + 4*g - 3. Let j be l(2). Let n be (-15)/(-2 - 3) - j. Suppose -110 = -6*y + n. What is the tens digit of y?
4
Let h(i) be the first derivative of i**4/4 + 2*i**3/3 - 4*i**2 - 10*i + 19. Let t be h(-5). Let m = 70 - t. What is the hundreds digit of m?
1
Let l(w) = -102 - 6 - 44*w + 5. What is the tens digit of l(-8)?
4
Let f(u) = 9*u - 303. Let t be f(37). What is the hundreds digit of 2/15 - ((-12236)/t - 1)?
4
Suppose -47*o + 315898 = -3*o - 60126. What is the thousands digit of o?
8
Let p be -1*3 - (-2 + 1). Let t = -3366 - -3378. What is the units digit of p/(8/(t/(-3)))?
1
Suppose -2*f - 7*f + 27 = 0. Suppose 5 = -o, d + f*o = -2*o - 17. Suppose 15*m = 13*m + d. What is the units digit of m?
4
Let o be (1/3)/((-8)/(-48)). What is the thousands digit of 1/2*-10 + (o - -1558)?
1
Suppose 159 = 8*l + 95. Suppose -7543 = -l*u + 6785. What is the thousands digit of u?
1
What is the units digit of (-6 - 3)*1 - (-9 + -65938)?
8
Let t be (60/25)/(((-3)/1)/(-15)). Let h(m) = -11 + 5*m + 4 - 8*m + t*m. What is the tens digit of h(7)?
5
Let v = 190 + -173. Suppose 2091 = v*o - 5151. What is the hundreds digit of o?
4
Let g(m) = -95*m**3 - 4*m**2 + 2*m + 11. What is the units digit of g(-2)?
1
Let n = 23 + -18. Suppose -p - 2*p = -n*p. Suppose -4*o + 4*s + 504 = p, o - s = s + 126. What is the hundreds digit of o?
1
Let n be (0 - 6/(-2)) + -3. Suppose 4*m - h + 380 = 1631, n = -m + 5*h + 327. Suppose -46 = d + 2*t - m, 4*d - 3*t = 1009. What is the units digit of d?
6
Suppose -675401 = -235*f + 192*f. What is the units digit of f?
7
Let h be (-54)/135 + 2/5*46. Suppose h = 10*x - 7*x. Suppose -17 = 5*i - x*i. What is the units digit of i?
7
Let n(a) = 562*a**2 + 29*a + 196. What is the hundreds digit of n(-8)?
9
Let v = 37530 + -19900. What is the hundreds digit of v?
6
Suppose 4128 = 29*w - 37*w. Let l = -233 - w. What is the units digit of l?
3
What is the ten thousands digit of 5/(-3) - 5379280/(-60)?
8
Let v = -235 + 231. Let x(t) = -4*t**3 + 7*t**2 + 26*t + 8. What is the hundreds digit of x(v)?
2
Suppose s + 537 = 3*x, 0 = -3*x - 5*s + 3*s + 537. Let y = x - -359. What is the units digit of y?
8
Suppose 967 = -5*w - 2983. Let z = 1233 + w. What is the units digit of z?
3
Let t(o) = -8*o**3 - 5*o**2 - 22*o - 110. What is the tens digit of t(-5)?
7
Suppose 5*y = -4*a + 39, -2*a = -2*y + a + 11. Suppose 4*n = -5*t + 2976, -10*n - t + 2221 = -y*n. What is the tens digit of n?
3
Suppose -3*l - 8 = -44. Suppose -16*w = -l*w - 2712. What is the tens digit of w?
7
Let p(q) = q**3 - 13*q**2 + 2. Let g be p(13). Suppose -r - g*r = 6, 3*r = -2*s + 42. What is the units digit of s/15*(7 - (2 + 0))?
8
Let y be (0 - -3) + -10 + 16. What is the units digit of 126/(-567) - (-7013)/y?
9
Let u = 10240 - 5272. What is the hundreds digit of u?
9
Let l be 2552/10 - (-4)/(-20). Let a = 70 - l. Let g = a - -349. What is the hundreds digit of g?
1
Suppose 2*h = -5*w, -2*w = 4*h + 3*w + 10. Let u(x) = -74*x + 8. What is the hundreds digit of u(h)?
3
Suppose -a = -3*b - 1072, b + 4836 + 496 = 5*a. Suppose -2*u + a = -5*y + 3*y, -5*u - 4*y = -2665. What is the tens digit of u?
3
What is the tens digit of (713 - 7) + 6 + -9?
0
Let g be -55*(2/10)/(1/(-3)). Suppose -3*q - g = -3*l, -q + 3*l = q + 24. What is the tens digit of (-120)/(-28)*(0 - 2 - q)?
3
Let i(w) = 4*w**2 + w - 7. Let d be i(0). What is the units digit of 16 + -8 + (2 - d)/3?
1
Let g(a) be the th